2*d + 71. Let s be o(0). Suppose 28 + s = 3*h. List the prime factors of h.
3, 11
Suppose -4*r = 2*i - 38, -5*r = i - 7*r - 39. List the prime factors of i.
29
Let y(i) = -i + 7. Let t be y(4). Let p be (1*t)/(12/52). Let x = p + 5. List the prime factors of x.
2, 3
What are the prime factors of (2*-1)/((12/(-573))/2)?
191
Let j(g) = -g**2 - 13*g - 14. Let f be j(-11). What are the prime factors of 1196/36 + f/(-36)?
3, 11
Let i(j) = j**2 + j + 1. Let n be i(-6). Let z = -22 + n. Let f = 24 - z. List the prime factors of f.
3, 5
Suppose 0*s + 95 = 2*u + 3*s, 4*u - 205 = -3*s. What are the prime factors of u?
5, 11
Suppose -6*j = -j - 150. List the prime factors of j.
2, 3, 5
Suppose -2*q - 137 = -p, -q + 134 = p - 2*q. What are the prime factors of p?
131
Suppose 8 = -3*k + 7*k. Suppose 2*g - 32 = 3*b, -k*b - 6 = 2. List the prime factors of g.
2, 5
Let v(j) = 2*j**3 + j + 10. Let k be v(0). Let m = 14 + k. List the prime factors of m.
2, 3
Let f = 23 - 21. What are the prime factors of f?
2
Let a(g) = 24*g**2 - 11*g + 7. Let s(t) = 12*t**2 - 5*t + 3. Let x(p) = -4*a(p) + 9*s(p). Let u be x(-1). List the prime factors of ((-4)/12)/((-2)/u).
2
Let o = -2 + 0. What are the prime factors of 35*(-3 - o)/(-1)?
5, 7
Suppose -231 = 5*u - n, 4*n = -u - 40 - 2. Let z = u - -30. Let i = 22 + z. What are the prime factors of i?
2, 3
Let h(o) = -o**2 + 14*o - 5. Let x be h(12). Let l = -10 - -31. Suppose 0 = -5*k + x + l. List the prime factors of k.
2
Let a = 7 + -3. Suppose 4*c = -c + 5*j + 5, 0 = 5*j + 5. Suppose 5*m - a - 16 = c. What are the prime factors of m?
2
Let w be ((-40)/12)/(1/(-6)). Suppose -4*s = s - w. Suppose -s*r + 42 = -2. What are the prime factors of r?
11
Let n = 423 - 190. Let x = n + -105. List the prime factors of (6/4)/(12/x).
2
Let x be 0/(2/(-4 + 3)). Let w be (7/3 + x)*9. What are the prime factors of 6/w - 75/(-7)?
11
Suppose 3*g - 76 = -4*u, -50 - 30 = -3*g - 5*u. Suppose 5*i = -0*q - 5*q + 80, -i = 5*q - g. Suppose 0 = 2*z - 45 + i. What are the prime factors of z?
3, 5
Suppose 0 = -n + 5 + 1. Let x be (5/1)/(n/(-252)). List the prime factors of x/(-25) + (-2)/5.
2
Let l = 28 - 15. What are the prime factors of l?
13
Let m(z) be the first derivative of z**2/2 + 2*z + 2. List the prime factors of m(5).
7
Let i = 4 + -4. Suppose 2 = k - i. Suppose -k*q - q + 12 = 0. List the prime factors of q.
2
Suppose 7*s = 4*s + 36. Suppose -2*w = w - s. What are the prime factors of w?
2
Suppose -3*w - d = -6*w + 68, 5*w = -3*d + 90. List the prime factors of w.
3, 7
Suppose 17 = -4*m + 49. Let d(j) = 2 - m + 3*j - 6*j. What are the prime factors of d(-5)?
3
Suppose -229 = -i - 2*i - 5*z, -5*z = -25. Let s = i + -34. What are the prime factors of s?
2, 17
Suppose 0*r - 10 = -2*r. Suppose -4*c + 23 + 1 = r*z, -30 = -5*c - 3*z. What are the prime factors of c?
2, 3
Let l(o) = o**3 - 10*o**2 + 9*o + 4. Let f(r) = -r**2 - 9*r - 9. Let i be (1 - 6)/1 + -1. Let a be f(i). What are the prime factors of l(a)?
2
Suppose -5*h - 75 = -0*h - 5*r, -2*h - 40 = -4*r. Let k = h + 14. List the prime factors of 10/(k/6 + 0).
3, 5
Suppose -2*p - 3 = 5*d, 3*p + 3*d + 8 = -1. List the prime factors of 11 - (-5)/((-10)/p).
13
Suppose 7*u + 265 - 2302 = 0. List the prime factors of u.
3, 97
Let w(x) = x - 2 + 1 + 7. Let m be w(-6). Suppose m = -2*c + 7*c - 40. List the prime factors of c.
2
Let p(n) = -n + 7. Let t be p(4). Suppose -3*i = 4*s, t*i = 3*s - i - 25. List the prime factors of s.
3
What are the prime factors of 2 - 26*(-35)/10?
3, 31
Let x(o) = o**3 + 4*o**2 - 6*o + 4. Let p be x(-5). Suppose 2*r = 27 - p. What are the prime factors of r?
3
Suppose 0 = -2*u - 5*k + 135, 0 = -u + 6*u - 4*k - 255. List the prime factors of u.
5, 11
Suppose -j = -2*i - 3*j + 22, 2*j = 10. List the prime factors of i.
2, 3
Let h = 224 - 142. List the prime factors of h.
2, 41
Let s(a) = -16*a**2 + 2*a - 1. Let g be s(1). List the prime factors of -28*(g/(-6) - 3).
2, 7
Let o be 1/(2*1/8). Suppose 3*n = -4*h + 65, 0 = 2*h + 3*h - o*n - 58. What are the prime factors of h?
2, 7
Let k = 6 + -5. Let j = 3 - k. List the prime factors of j.
2
List the prime factors of 35/(-2)*32/(-40).
2, 7
Let o be 9/(0 + 3) - -79. Suppose 4*h - 44 = -q, 3*h - 5*q + 26 = o. Suppose 3*c - 21 = h. What are the prime factors of c?
11
Let k(n) = 0*n + 3 + 0*n**2 + 2*n - n**2 - 4*n. Let b be k(-3). Suppose b = 3*j - j - 36. What are the prime factors of j?
2, 3
Let x(s) = s**2 - s. Let i be x(-3). Suppose -2*w - 3*r + i = -4*w, -3*w + 16 = 4*r. Let n = 5 - w. List the prime factors of n.
5
What are the prime factors of -1 - (2 - 4) - 307*-1?
2, 7, 11
Suppose 9*v - 7*v = 0. Suppose v*o = -4*j - 5*o + 44, 3*o + 18 = 5*j. What are the prime factors of j?
2, 3
List the prime factors of ((-22)/(-4))/((-1)/(-10)).
5, 11
Let y be (-256)/(-12) + 1/(-3). Suppose -4*f + 51 = -y. Let q = 27 - f. What are the prime factors of q?
3
Let t be 4 - 4 - (-6 + 3). Suppose -t*v = 2*v - 90. What are the prime factors of v?
2, 3
Let h(v) be the first derivative of -v**2/2 + 8*v - 3. What are the prime factors of h(-6)?
2, 7
Suppose 4*y = 3*y + 101. What are the prime factors of y?
101
Let l = -98 - -255. List the prime factors of l.
157
Let p = 119 + -43. Suppose -2*i - 2 = 3*u - 39, 0 = -4*i - 4*u + p. Suppose -5*m + i = -0*m. What are the prime factors of m?
2
Let q(g) = -4*g - 3. Let f be q(-2). Suppose -2*o + o + s = -3, -f*o - 4*s + 51 = 0. List the prime factors of o.
7
Suppose -2*f = -52 - 168. What are the prime factors of f?
2, 5, 11
Let m(w) = -w + 8. Let d = -1 + 6. Suppose d*x + 2*z + 40 = 0, 0*x - 3*z = 2*x + 16. List the prime factors of m(x).
2
Let d(m) = -2*m - 6. Let c be d(-4). Suppose -c*p + 6 = -p - 2*a, -8 = 4*a. List the prime factors of 60/p*(-1)/(-3).
2, 5
Let a be ((-2)/8)/(6/(-72)). Suppose 0 = -4*b + 35 - a. What are the prime factors of b?
2
Let w(g) be the second derivative of -g**3/2 + g**2 + 2*g. Let b be w(-7). Let s = b - 13. List the prime factors of s.
2, 5
Suppose z = l + 2*l + 12, -3*l = z + 6. Suppose -z*w + 19 = 2*n - 1, 0 = -4*n - 5*w + 42. What are the prime factors of n?
13
Let p(d) be the third derivative of -1/3*d**4 + 0 + 0*d + 2*d**2 - 1/60*d**5 - 5/6*d**3. List the prime factors of p(-4).
11
Suppose f + 5*z + 12 = 4*f, -3*z + 8 = 2*f. Let w = 8 - f. Suppose 4*y - 5*g - 91 = 0, -4 = -y - g - w*g. List the prime factors of y.
19
Let r be 16/5 + (-2)/10. Let u be 28 + 0 - (r - 3). Suppose -u = -5*x + x. What are the prime factors of x?
7
Suppose -12 = k - 4*j, 5*j - 5 = 5. Let w = 10 + k. Suppose -4*i + w*i = 32. What are the prime factors of i?
2
Let a = 238 + -166. What are the prime factors of a?
2, 3
Suppose 0 = -4*s + 2*s - 4. Let v be -4*(s/(-1) - 3). Suppose 3*d + d + 4*f = 12, v*d - 3*f = 12. List the prime factors of d.
3
Suppose -s = 3*q - 35, -5*s + 2*q = -0*q - 226. What are the prime factors of s?
2, 11
Let s = -3 + 10. What are the prime factors of s?
7
Suppose -t = -50 - 2. List the prime factors of 4/6 + t/12.
5
Let q(u) = -3*u - 4. Let v(f) = 4*f + 4*f + 13 + f. Let s(c) = -7*q(c) - 2*v(c). What are the prime factors of s(2)?
2
Suppose 3*b - 327 = r, r + 2*r + 117 = b. List the prime factors of b.
2, 3
Suppose 3*o = -3*x + 24, 4*o + o + 4*x - 35 = 0. Suppose -o*s = -6 + 48. Let w = s - -22. What are the prime factors of w?
2
Suppose c + 4*z + 0*z = 138, 4*z = -4*c + 564. What are the prime factors of c?
2, 71
Let t(m) = m**2 - 6*m - 14. List the prime factors of t(13).
7, 11
Let s(h) = 4*h**3 - 4*h**2 - 2*h - 1 - 2*h - 3*h**3. Let c be s(5). Let t = 5 + c. What are the prime factors of t?
3
Let c be 0 + 201 + 0 + 2. Suppose -5*u + f + c = 0, 5*u = -3*f + 221 - 30. What are the prime factors of u?
2, 5
Let v = -11 - -14. What are the prime factors of v*-8*(-1)/6?
2
Let l = -144 + 225. List the prime factors of l.
3
Let w(q) = -q**3 + 7*q**2 + 8*q + 3. Let g(p) = p + 16. Let s be -6*4/3*1. Let v be g(s). List the prime factors of w(v).
3
Let j = 21 - 9. Let m = j + -1. What are the prime factors of m?
11
Let z = 132 + -74. List the prime factors of z.
2, 29
Let b(l) = 3*l + 6. Suppose -16 = -4*h + v, -2 - 6 = -2*v. What are the prime factors of b(h)?
3, 7
Let i(u) be the third derivative of -u**6/40 + u**5/30 - u**3/6 - 3*u**2. List the prime factors of